 be r(8). Suppose -4*n - p*g = -13 - k, 0 = 4*g - 20. What is the units digit of n?
3
Let a be 14/8 + (-1)/(-4). Let x(n) = n**3 + n**2 - 4. Let m(u) = -3*u**3 - 2*u**2 + 9. Let c(w) = -6*m(w) - 13*x(w). What is the units digit of c(a)?
4
What is the units digit of ((17 - 10) + (0 - -3286))*1?
3
Let j be ((-12)/(-15))/(5/25). Let k be (5*-5)/(j/(-8)). Let b = k + -12. What is the tens digit of b?
3
Let j be 16/(-6)*(3 + -6). Suppose -j*s - 6*s = -518. What is the tens digit of s?
3
Suppose -648 + 1731 = 3*d. What is the hundreds digit of d?
3
Let z(g) = -68*g - 59. What is the hundreds digit of z(-5)?
2
Let t be (-36)/30*(-15)/2. Let a = t - 67. Let g = 84 + a. What is the tens digit of g?
2
Suppose z + 548 = 2*z + u, 4*z - u = 2197. What is the hundreds digit of z?
5
Suppose -158*z + 32576 = -150*z. What is the units digit of z?
2
Let w(p) = 645*p**2 + 6*p. Let t be w(1). Suppose t = 3*n - 3*i, -591 - 482 = -5*n - i. What is the hundreds digit of n?
2
Let u(d) = -d**3 + 7*d**2 - 11*d + 14. What is the tens digit of u(4)?
1
Let y = 13 + 27. Let c(q) = 3*q**2 + 6*q + 3. Let z be c(-6). Suppose -d + 4*x = d - y, 3*x + z = 4*d. What is the tens digit of d?
1
What is the tens digit of (25 + -2)/(1 - (-180)/(-186))?
1
Suppose -2*q - q = 0. Let n be (1 + q)*-1*-3. Suppose -x = -n - 33. What is the units digit of x?
6
What is the hundreds digit of (-277080)/(-152) + (-2)/(-19)?
8
Suppose -4*s + 2*a = -28, 3*s - 5*a - 10 = 4. What is the tens digit of 4655/57 - s/(-6)?
8
What is the thousands digit of (-57093)/(-18) + 15/(-18)?
3
Suppose -6*a + 466 = -740. What is the units digit of 8/32 + a/12?
7
What is the tens digit of (-84575)/(-51) - (-3)/(-9) - -6?
6
Let c(w) = w**2 + 9*w + 11. Let h be c(-8). Suppose -h*u = 2*u - 10. Suppose -3*i = -5*g + 21, -2*g - 4*i + u - 4 = 0. What is the units digit of g?
3
Let s = -33 + 81. Let y be 112/s - (-2)/3. Suppose -y = t - 25. What is the units digit of t?
2
Suppose -11 + 1 = -2*i. Suppose -3*d + 60 = -5*u, -i*d = 2*u - 5*u - 84. Suppose d = a - 4. What is the tens digit of a?
1
Let b = 1 - -3. Suppose -b*r - 156 = -r. Let s = -31 - r. What is the tens digit of s?
2
What is the units digit of -5*2/5 + 508?
6
What is the tens digit of 11 + -6 - (-11)/((-44)/(-3360))?
4
Let f(o) = -225*o**3 + o**2 - 1. What is the units digit of f(-1)?
5
Suppose 2*c - 17 = -7. Suppose -b - 2*s = 2*s - 20, 3*s = c*b + 15. Suppose b = -3*x + 5*o + 38, 2*x + 5*o = 34 + 8. What is the tens digit of x?
1
Let l(a) = -a**3 - 6*a**2 - 9*a - 32. What is the hundreds digit of l(-9)?
2
Let s be -81 + -2 + 1 + 1. Let w(n) = 2*n**2 + 16*n + 18. Let t be w(-12). Let p = t + s. What is the tens digit of p?
3
Let w be ((-8)/(-18))/(24/108). Let l = -10 + 11. Suppose -3*y + l = -5*y + v, -w*v + 14 = 2*y. What is the units digit of y?
2
Let a = -997 + 1594. What is the tens digit of a?
9
Let r(n) = n**3 - 5*n**2 - 4*n + 11. Suppose 52 = 6*d + 16. What is the units digit of r(d)?
3
Let b(y) = 2*y**2 + 4*y - 12. Let d be b(-4). Suppose -t - d*t = 3*a - 1299, -t + 261 = a. What is the tens digit of t?
5
Let s be 20/30 - 10/6. What is the tens digit of 24/(0 + s + 2)?
2
Suppose 0*d + 3*i = -4*d + 22, d = 5*i - 6. Suppose s = d*o + 95, 2*s + o - 133 - 57 = 0. What is the units digit of s?
5
Let i be (9 - -1)*26/65. Suppose 2*k + i*z - 3*z = 76, k = -5*z + 47. What is the tens digit of k?
3
Let r = -737 - -1641. What is the tens digit of r?
0
What is the units digit of 587 + ((-54)/567 - (-65)/21)?
0
Let u(q) = q**3 - 6*q**2 + 7*q - 6. Let o be u(5). Let d be 1 + (2 - o) + 10. Suppose -g - d + 42 = 0. What is the tens digit of g?
3
Let i(b) = 5*b**3 - 9*b**2 + 15*b + 4. Let w(n) = 2*n**3 - 5*n**2 + 7*n + 2. Let q(l) = -3*i(l) + 7*w(l). What is the units digit of q(-9)?
7
Suppose 108*x + 20097 = 137*x. What is the hundreds digit of x?
6
Let t be 0/(-1) + (-1410)/(-3). Suppose -5*n - t = -5*a, -2*a - 8 = 5*n - 168. What is the units digit of a?
0
Let y(x) = -2033*x**3 - x**2 - 18*x - 16. What is the tens digit of y(-1)?
3
Suppose 3*c + 1188 = -3*z, 4*c + 1584 = -3*z + 6*z. Let p = -239 - c. What is the tens digit of p?
5
What is the units digit of (-13884)/(-36) + 2/(-3)?
5
Suppose 4*h = 6*h - 5458. What is the hundreds digit of h?
7
Suppose -5*m + 31 = -79. Let q = m + 121. What is the units digit of q?
3
Let g(z) = z**2 - 2*z + 3. Let a be g(2). Suppose -a*i - 5*d = 23, -2*i - d + 0*d = 13. What is the units digit of ((-4)/i)/(4/12)?
2
Suppose -2 = x + 4*y, y = x + 3*y. Let t be 173 + -2 + -1 + x. Suppose -t = -4*z - 3*s + 7*s, -5*s = -25. What is the tens digit of z?
4
Suppose 6*u - 2*u - 20 = 0. Suppose -u*z = -11 - 4. Suppose -z*d - 2*d + 130 = 0. What is the tens digit of d?
2
Suppose -13*b + 89120 = 27*b. What is the thousands digit of b?
2
Suppose 22*x - 90 = -398. What is the units digit of (-328)/(-28) + ((-18)/x - 1)?
2
Suppose -3*v - 271 = -4*u, -2*v + v + 66 = u. Let k = u + -55. What is the units digit of k?
2
Let a(u) = 77*u**3 - u**2 + 5. Let v be a(-4). What is the units digit of v/(-55) + (-2)/(-10)?
0
Let j = -67 + 68. Let c(r) = 120*r + 2. What is the tens digit of c(j)?
2
Suppose 5*q = -0*q + 5*i + 235, -3*i = -2*q + 96. What is the units digit of q?
5
Suppose x - 2 - 7 = 2*f, 0 = 2*x + 3*f + 3. What is the tens digit of (1950/(-13))/(2/x*-3)?
7
Let l = 48 - 47. Let g = l - -3. What is the units digit of g?
4
Suppose w + 2 = 3*w + 4*a, 2*w = -2*a + 6. Suppose w*t + 70 = -130. Let x = t + 61. What is the tens digit of x?
2
Suppose -5*b = -3*o - o - 17, 2*b = 3*o + 11. Let n be b/(-4) - 12/16. What is the units digit of (12/(-2))/(n - 0)?
6
Suppose -38*w + 0*w = -156256. What is the hundreds digit of w?
1
Let k(o) = -o**3 - 12*o**2 + o + 17. Let s be k(-12). Suppose 25 + 18 = 4*x - s*p, -3*p + 15 = x. Let z = x + 17. What is the tens digit of z?
2
Let d = -567 + 2677. What is the hundreds digit of d?
1
Let r = -2105 - -1160. What is the units digit of ((-8)/12)/(10/r)?
3
Let q(k) = -k**3 - 2*k**2 + 4*k + 6. Let p be q(-4). Suppose 2*t - 3*z = 3*t - p, 3*z - 90 = -3*t. What is the tens digit of t?
3
Let k = 1221 + -521. What is the units digit of k/2 - (-45)/15?
3
Let b(y) = -2*y - 1. Let d be b(-4). Let i(p) = 2*p - 3. Let a(f) = 5*f - 6. Let l(k) = 3*a(k) - 7*i(k). What is the tens digit of l(d)?
1
Let q = -1640 + 2706. Suppose 5*v = 2*h + q - 36, 618 = 3*v + 4*h. What is the units digit of v?
6
Suppose 31563 = 20*t - 43557. What is the tens digit of t?
5
Suppose 2*g - 7 + 5 = 0. Let h = 4 + g. Suppose 3*f - 74 = 4*r, r = -h*f + 76 + 9. What is the tens digit of f?
1
Let b be -1*29 + (-4)/(-2). Suppose 0 = -13*n + 346 + 512. Let l = n + b. What is the tens digit of l?
3
What is the hundreds digit of (550/(-175))/(1/(-238))?
7
Suppose -4*z + 109 = -d - 0*d, -5*d + 15 = 0. Suppose z - 532 = -6*m. What is the units digit of m?
4
Let k(z) = 3*z**2 - 5*z + 16. Let h be k(-8). Let p = -84 + h. What is the hundreds digit of p?
1
Let u(k) be the third derivative of -k**4/24 - k**3/2 - 4*k**2. Let x be u(-6). What is the tens digit of 1*(x + -6) - -57?
5
What is the tens digit of 23/(-138) + 4819*(-1)/(-6)?
0
Let p(v) = -4*v + 2. Let x be p(0). Suppose -4*o + x*o = -194. What is the tens digit of o?
9
Suppose -5*x - 5*l + 25 = 0, l + 4 = 3*l. Suppose u - x = 29. What is the units digit of u?
2
Let q be (-860)/(-16) - (-2)/8. Let n = 1 + q. What is the tens digit of n?
5
Let g be 10/(-35) - (-26)/(-7). What is the units digit of 6/1 + (g - -2)?
4
Suppose -2*w - 8 = -q, 2*w = w. Let l = 42 - q. What is the units digit of l?
4
Suppose 3*m - 2814 = -5*n + 264, n = -m + 1024. What is the tens digit of m?
2
Suppose -8794 = -4*g + 6*n + 108, 4*n - 2231 = -g. What is the hundreds digit of g?
2
Suppose -15 = -5*i - 5. Suppose 24 = i*g + 2*c - 2, 2*c = -8. Suppose g = 6*x - 73. What is the tens digit of x?
1
Let z(x) = 5*x**2 + x + 3. What is the tens digit of z(-2)?
2
Let u(a) = -6*a + 10. Let b be u(4). Let t(i) = i**3 - 8*i**2 - 6*i - 5. Let n be t(9). What is the tens digit of ((-108)/b)/(n/154)?
5
Let c be (-60)/(-8)*(-4)/(-6). Let l = 286 + -253. Suppose c*a - l = 57. What is the tens digit of a?
1
Let z = 1061 + -713. What is the units digit of z?
8
Let i(o) = -2 - 3 - o + 2*o. Let g be i(9). Suppose -f - f = -g. What is the units digit of f